{"id":11963,"date":"2025-01-20T16:39:33","date_gmt":"2025-01-20T15:39:33","guid":{"rendered":"https:\/\/lyceerudloff.com\/?page_id=11963"},"modified":"2025-01-20T16:48:41","modified_gmt":"2025-01-20T15:48:41","slug":"ulis-ressources","status":"publish","type":"page","link":"https:\/\/lyceerudloff.com\/index.php\/ulis-ressources\/","title":{"rendered":"Ulis &#8211; Ressources"},"content":{"rendered":"\n<p class=\"has-text-align-center\"><\/p>\n\n\n<div class=\"wp-block-image\">\n<figure class=\"aligncenter size-large is-resized\"><img decoding=\"async\" src=\"https:\/\/siteulislyceemarcelrudloff.wordpress.com\/wp-content\/uploads\/2024\/11\/oip-1.jpg?w=474\" alt=\"\" class=\"wp-image-381\" style=\"width:444px;height:auto\"\/><\/figure>\n<\/div>\n\n\n<p class=\"has-text-align-center\">1-<strong>Liste des ULIS Lyc\u00e9e de l\u2019Eurom\u00e9tropole :<\/strong><\/p>\n\n\n\n<div class=\"wp-block-group\"><div class=\"wp-block-group__inner-container is-layout-constrained wp-block-group-is-layout-constrained\">\n<ul class=\"wp-block-list\">\n<li><a href=\"https:\/\/annuaire.action-sociale.org\/CLIS,ULIS\/ULIS-67-Bas-Rhin\/ULIS%20Lyc%C3%A9e%20polyvalent%20Gutenberg%20-%20Section%20d'enseignement%20professionnel-0672421T.html\">Lyc\u00e9e polyvalent Gutenberg &#8211; Section d&rsquo;enseignement professionnel<\/a> ULIS 67400 Illkirch-Graffenstaden<\/li>\n\n\n\n<li><a href=\"https:\/\/annuaire.action-sociale.org\/CLIS,ULIS\/ULIS-67-Bas-Rhin\/ULIS%20Lyc%C3%A9e%20polyvalent%20Emile%20Mathis-0670089H.html\">Lyc\u00e9e polyvalent Emile Mathis<\/a> ULIS 67300 Schiltigheim<\/li>\n\n\n\n<li><a href=\"https:\/\/annuaire.action-sociale.org\/CLIS,ULIS\/ULIS-67-Bas-Rhin\/ULIS%20Lyc%C3%A9e%20polyvalent%20Emile%20Mathis%20-%20Section%20d'enseignement%20professionnel-0672948R.html\">Lyc\u00e9e polyvalent Emile Mathis &#8211; Section d&rsquo;enseignement professionnel<\/a> ULIS 67300 Schiltigheim<\/li>\n\n\n\n<li><a href=\"https:\/\/annuaire.action-sociale.org\/CLIS,ULIS\/ULIS-67-Bas-Rhin\/ULIS%20Lyc%C3%A9e%20Jean%20Monnet-0670078W.html\">Lyc\u00e9e Jean Monnet<\/a> ULIS 67000 Strasbourg<\/li>\n\n\n\n<li><a href=\"https:\/\/annuaire.action-sociale.org\/CLIS,ULIS\/ULIS-67-Bas-Rhin\/ULIS%20Lyc%C3%A9e%20polyvalent%20Jean%20Rostand%20-%20Section%20d'enseignement%20professionnel-0672708E.html\">Lyc\u00e9e polyvalent Jean Rostand &#8211; Section d&rsquo;enseignement professionnel<\/a> ULIS 67000 Strasbourg<\/li>\n\n\n\n<li><a href=\"https:\/\/annuaire.action-sociale.org\/CLIS,ULIS\/ULIS-67-Bas-Rhin\/ULIS%20Lyc%C3%A9e%20professionnel%20Jean%20Geiler-0670129B.html\">Lyc\u00e9e professionnel Jean Geiler<\/a> ULIS 67000 Strasbourg<\/li>\n<\/ul>\n<\/div><\/div>\n\n\n\n<p class=\"has-text-align-center\"><strong>2-Pr\u00e9parer son entr\u00e9e dans une fili\u00e8re professionnelle<\/strong> <strong>:<\/strong><\/p>\n\n\n\n<p class=\"has-text-align-center\">Ce document est \u00e0 destination des \u00e9l\u00e8ves du coll\u00e8ge. Il permet d\u2019accompagner le coll\u00e9gien<br>dans la construction de son parcours d\u2019orientation professionnel.<\/p>\n\n\n\n<p class=\"has-text-align-center\">Lien vers <a href=\"https:\/\/info-jeunes-grandest.fr\/fiches\/orientation-formation\/etudes\/sorienter-vers-la-voie-professionnelle\/#:~:text=Si%20la%20fili%C3%A8re%20professionnelle%20vous%20int%C3%A9resse%2C%20vous%20pouvez,m%C3%A9tiers%20et%20des%20stages%20d%E2%80%99observation%20en%20milieu%20professionnel.\">S\u2019orienter vers la voie professionnelle<\/a>.<\/p>\n\n\n\n<p class=\"has-text-align-center\"><strong>3-Porte Ouverte du Lyc\u00e9e Rudloff<\/strong> <strong>:<\/strong><\/p>\n\n\n\n<p class=\"has-text-align-center\">Chaque ann\u00e9e, le lyc\u00e9e organise des portes ouvertes. Toute l\u2019\u00e9quipe p\u00e9dagogique se mobilise<br>pour pr\u00e9senter au mieux l\u2019\u00e9tablissement, les enseignements des fili\u00e8res g\u00e9n\u00e9rales,<br>technologiques ou professionnelles. De nombreuses animations sont organis\u00e9es dans le hall<br>avec visite guid\u00e9e et petite restauration.<br>Le lyc\u00e9e accueille \u00e9galement des coll\u00e9giens pour des immersions.<\/p>\n\n\n\n<hr class=\"wp-block-separator has-alpha-channel-opacity is-style-wide\"\/>\n\n\n\n<h2 class=\"wp-block-heading has-text-align-center\">Contact :<\/h2>\n\n\n\n<p class=\"has-text-align-center\">21, avenue Fran\u00e7ois Mitterrand &#8211; Strasbourg<br>+33 3 90 20 44 10 poste 644463<br>ulisrudloff@gmail.com<\/p>\n","protected":false},"excerpt":{"rendered":"<p>1-Liste des ULIS Lyc\u00e9e de l\u2019Eurom\u00e9tropole : 2-Pr\u00e9parer son entr\u00e9e dans une fili\u00e8re professionnelle : Ce document est \u00e0 destination des \u00e9l\u00e8ves du coll\u00e8ge. Il permet d\u2019accompagner le coll\u00e9giendans la construction de son parcours d\u2019orientation professionnel. Lien vers S\u2019orienter vers la voie professionnelle. 3-Porte Ouverte du Lyc\u00e9e Rudloff : Chaque ann\u00e9e, le lyc\u00e9e organise des [&hellip;]<\/p>\n","protected":false},"author":52,"featured_media":0,"parent":0,"menu_order":0,"comment_status":"closed","ping_status":"closed","template":"","meta":{"footnotes":""},"categories":[118],"tags":[],"class_list":["post-11963","page","type-page","status-publish","hentry","category-ulis_cat"],"_links":{"self":[{"href":"https:\/\/lyceerudloff.com\/index.php\/wp-json\/wp\/v2\/pages\/11963","targetHints":{"allow":["GET"]}}],"collection":[{"href":"https:\/\/lyceerudloff.com\/index.php\/wp-json\/wp\/v2\/pages"}],"about":[{"href":"https:\/\/lyceerudloff.com\/index.php\/wp-json\/wp\/v2\/types\/page"}],"author":[{"embeddable":true,"href":"https:\/\/lyceerudloff.com\/index.php\/wp-json\/wp\/v2\/users\/52"}],"replies":[{"embeddable":true,"href":"https:\/\/lyceerudloff.com\/index.php\/wp-json\/wp\/v2\/comments?post=11963"}],"version-history":[{"count":3,"href":"https:\/\/lyceerudloff.com\/index.php\/wp-json\/wp\/v2\/pages\/11963\/revisions"}],"predecessor-version":[{"id":12045,"href":"https:\/\/lyceerudloff.com\/index.php\/wp-json\/wp\/v2\/pages\/11963\/revisions\/12045"}],"wp:attachment":[{"href":"https:\/\/lyceerudloff.com\/index.php\/wp-json\/wp\/v2\/media?parent=11963"}],"wp:term":[{"taxonomy":"category","embeddable":true,"href":"https:\/\/lyceerudloff.com\/index.php\/wp-json\/wp\/v2\/categories?post=11963"},{"taxonomy":"post_tag","embeddable":true,"href":"https:\/\/lyceerudloff.com\/index.php\/wp-json\/wp\/v2\/tags?post=11963"}],"curies":[{"name":"wp","href":"https:\/\/api.w.org\/{rel}","templated":true}]}}